t) = -t**2 - 7*t + 7. What is y(-6)?
13
Let u(c) = -c**3 + 2. Give u(2).
-6
Let t(b) = -b**2 + 6*b - 4. Calculate t(1).
1
Let h(f) = -16*f - 53. Calculate h(-6).
43
Let u(l) = -7*l**3 + 3*l**2 + 3*l + 5. What is u(-2)?
67
Let k(q) = q**2 + 2*q - 9. What is k(-4)?
-1
Let s(v) = v**3 + 7*v**2 - 10*v - 11. What is s(-8)?
5
Let r(k) = -3*k**2 - 1. Calculate r(1).
-4
Let t(k) = -k**2 - 6*k - 7. What is t(-6)?
-7
Let r(k) = 2*k + 9. What is r(-22)?
-35
Let m(b) = b**3 - 9*b**2 + 13*b - 10. Give m(7).
-17
Let m(o) = -10*o - 28. What is m(-8)?
52
Let k(f) = -2*f**2 - 47*f - 110. Determine k(-21).
-5
Let h(j) = -j**2 - 18*j + 102. Calculate h(-23).
-13
Let c(z) = 2*z**2 - 17*z - 88. What is c(13)?
29
Let d(r) = r**2 - r + 23. Calculate d(0).
23
Let c(a) = -7*a + 74. What is c(11)?
-3
Let j(o) = -12*o**2 - 17*o + 17. Give j(1).
-12
Let c(g) = g**3 - 8*g**2 - 4*g + 3. Calculate c(3).
-54
Let o(y) = -7*y + 114. Calculate o(16).
2
Let u(f) = f**2 - 13*f + 26. Determine u(11).
4
Let p(x) = 6*x**2 + 18*x + 3. Determine p(-3).
3
Let n(k) = k**3 - 22*k**2 + 43*k + 29. Give n(20).
89
Let z(l) = -2*l**3 - 18*l**2 - l. Give z(-9).
9
Let h(w) = -3*w**2 - 11*w - 1. What is h(-4)?
-5
Let v(t) = -6*t - 16. Give v(-3).
2
Let u(l) = l**3 - 3*l**2 - 14*l + 21. Calculate u(5).
1
Let x(y) = y**3 + 4*y**2 - 2*y - 18. What is x(-3)?
-3
Let t(x) = -14*x**3 - x**2 - x - 1. Calculate t(-1).
13
Let z(r) = -r**3 + 9*r**2 + 10*r - 13. Give z(10).
-13
Let b(j) = 2*j**3 + 15*j**2 - 16*j - 62. Calculate b(-8).
2
Let s(u) = -u**3 + 9*u**2 + 8*u - 22. Give s(10).
-42
Let z(h) = -h**3 + h**2 - 2*h + 16. Give z(0).
16
Let p(r) = 2*r**3 - 5*r**2 - 9. Give p(4).
39
Let x(c) = -3*c - 30. What is x(-8)?
-6
Let x(u) = u**2 - 28*u + 75. Calculate x(25).
0
Let t(q) = 4*q + 5. What is t(-6)?
-19
Let j(h) = -h**2 + 25*h + 33. Calculate j(26).
7
Let y(z) = z + 12. Give y(11).
23
Let p(i) = -3*i - 25. What is p(-11)?
8
Let t(a) = -2*a**2 + 2*a. Determine t(3).
-12
Let q(l) = -14*l + 21. What is q(2)?
-7
Let w(q) = q**2 - 6*q + 11. Calculate w(4).
3
Let r(x) = x**2 - 4*x - 7. What is r(7)?
14
Let b(p) = -p**3 + 17*p**2 + 18*p - 9. Determine b(18).
-9
Let n(r) = -r**3 + r**2 + r - 4. Calculate n(0).
-4
Let v(q) = -q**3 + 4*q**2 - 9*q + 4. What is v(2)?
-6
Let k(p) = p**2 + 11*p + 2. Determine k(-9).
-16
Let c(t) = -t. What is c(-3)?
3
Let g(f) = f**3 + 51*f**2 - 406*f + 7. Calculate g(-58).
7
Let x(j) = -2*j**3 + 6*j**2 - j - 1. What is x(4)?
-37
Let w(v) = v + 16. Determine w(-15).
1
Let t(i) = 7*i - 5. Calculate t(-3).
-26
Let t(b) = -b**2 - 28*b - 173. Calculate t(-16).
19
Let s(b) = 7*b - 67. What is s(12)?
17
Let i(j) = -5*j - 1. What is i(-1)?
4
Let h(k) = k**2 - 2*k - 17. Determine h(0).
-17
Let f(d) = -d**3 + 7*d**2 + 5*d - 18. Give f(8).
-42
Let q(r) = -3*r**2 - 18*r + 20. What is q(-6)?
20
Let j(q) = q**3 - 26*q**2 - q + 28. What is j(26)?
2
Let x(u) = u**3 + 49*u**2 - 100*u + 93. Calculate x(-51).
-9
Let p(x) = -5*x. Determine p(-6).
30
Let x(o) = -o**2 + 3*o - 53. Give x(0).
-53
Let i(g) = -g**3 + 25*g**2 - 27*g + 62. Give i(24).
-10
Let r(v) = 3*v**3 - v. What is r(-1)?
-2
Let r(l) = l**3 + 16*l**2 - 19*l - 36. Give r(-17).
-2
Let r(n) = n**2 + 10*n + 7. Give r(-6).
-17
Let y(b) = -b**2 - 13*b - 29. What is y(-10)?
1
Let b(w) = w**3 - 26*w + 5. Calculate b(-5).
10
Let c(d) = d**3 + 8*d**2 - 8. Give c(-8).
-8
Let u(x) = -x**2 - 11*x + 12. What is u(-11)?
12
Let h(a) = 4*a**2. Calculate h(1).
4
Let m(z) = 2*z - 61. Give m(0).
-61
Let b(y) = -y**3 - 17*y**2 - 15*y + 8. Calculate b(-16).
-8
Let n(d) = d**3 + 8*d**2 - 5*d - 8. What is n(-6)?
94
Let i(k) = -2*k**2 + 26*k - 5. Give i(13).
-5
Let l(h) = -h**3 + 7*h**2 - 3*h - 1. What is l(7)?
-22
Let m(h) = h**3 - h**2 - 9*h + 10. Determine m(3).
1
Let v(o) = o**3 - 7*o**2 - 16*o - 21. What is v(9)?
-3
Let u(k) = k - 19. Determine u(14).
-5
Let c(z) = -19*z + 23. Calculate c(3).
-34
Let w(d) = d**2 + 6*d + 3. Give w(-2).
-5
Let y(f) = -3*f**3 - 16*f**2 - 11*f - 24. What is y(-5)?
6
Let y(r) = -r**2 - 17*r - 44. Determine y(-16).
-28
Let w(l) = -l**3 - 4*l**2 + 14*l + 36. Calculate w(-5).
-9
Let v(y) = 5*y**2 + 8*y + 8. Calculate v(-4).
56
Let x(q) = -6*q + 118. Determine x(19).
4
Let a(o) = -o**2 - 19*o - 21. Give a(-17).
13
Let h(k) = -7*k - 35. Determine h(-10).
35
Let m(p) = p + 3. Determine m(-7).
-4
Let x(w) = -w + 1. Calculate x(11).
-10
Let z(w) = w**3 - 4*w**2 + 3*w + 2. Calculate z(3).
2
Let r(v) = 2*v + 11. Calculate r(-6).
-1
Let t(c) = c**2 + 2*c - 11. What is t(3)?
4
Let v(t) = t**2 + 8*t - 64. What is v(-12)?
-16
Let y(l) = 2*l**2 + 15*l + 11. Determine y(-6).
-7
Let l(v) = -v**3 + 3*v**2 - 3*v + 2. Give l(4).
-26
Let t(k) = -2*k**2 - 3*k + 4. Determine t(2).
-10
Let h(c) = -19*c + 2. What is h(0)?
2
Let d(y) = y**2 + 11*y + 22. Calculate d(-10).
12
Let x(t) = t - 4. Calculate x(3).
-1
Let t(v) = v**3 + 20*v**2 + 5. Determine t(-20).
5
Let y(f) = 9*f - 57. Give y(8).
15
Let r(q) = q**2 + 29*q + 13. Determine r(-8).
-155
Let m(k) = 2*k**2 + 28*k - 30. Determine m(-15).
0
Let p(y) = -y**3 + 8*y**2 + 13*y - 1. Calculate p(10).
-71
Let z(k) = -k**2 - 2*k + 45. Give z(-7).
10
Let v(l) = l**2 + 15*l + 13. Give v(-14).
-1
Let j(d) = 6*d - 18. Calculate j(-6).
-54
Let x(u) = 2*u - 43. What is x(18)?
-7
Let x(a) = -4*a - 28. Determine x(-8).
4
Let x(z) = -z + 5. Calculate x(4).
1
Let a(l) = -76*l**2 + 68*l + 4. Determine a(1).
-4
Let h(n) = n + 41. Give h(15).
56
Let g(v) = v**2 + 2*v - 2. Determine g(3).
13
Let a(h) = h**3 + 19*h**2 + 20*h + 21. What is a(-18)?
-15
Let w(l) = l**2 - 20*l + 21. What is w(19)?
2
Let t(g) = -3*g - 18. What is t(-7)?
3
Let f(x) = x**3 - 16*x**2 - 17*x - 5. What is f(17)?
-5
Let u(j) = j**3 + 11*j**2 + 9*j - 9. Give u(-10).
1
Let h(o) = -9*o + 36. Give h(5).
-9
Let s(f) = f**3 + 11*f**2 + 12*f + 23. Give s(-10).
3
Let u(n) = -n**3 - 11*n**2 - 11*n + 12. Determine u(-10).
22
Let q(s) = s**3 + 4*s**2. Give q(-4).
0
Let v(m) = -m**3 + 10*m**2 - 10*m + 3. Determine v(9).
-6
Let c(f) = 10*f + 84. What is c(-7)?
14
Let w(o) = -o**3 + 5*o**2 + 3*o + 4. Give w(5).
19
Let j(i) = -2*i**3 - 24*i**2 - i - 11. What is j(-12)?
1
Let g(t) = t**3 + 10*t**2 + 17*t + 1. Determine g(-10).
-169
Let r(l) = 2*l**2 + 16*l + 25. Determine r(-10).
65
Let j(f) = -3*f - 2. Determine j(1).
-5
Let a(n) = -3*n + 2. Determine a(2).
-4
Let k(r) = -7*r - 2. Determine k(-2).
12
Let s(x) = x**2 + 3*x + 8. Determine s(-4).
12
Let t(a) = a**3 + 7*a**2 + a - 1. What is t(-7)?
-8
Let d(g) = -13*g - 3. Determine d(5).
-68
Let b(f) = -f - 21. What is b(-8)?
-13
Let y(v) = -v**3 - 4*v**2 + 3*v + 6. What is y(-3)?
-12
Let f(q) = 3*q**2 + 3*q - 2. Give f(-4).
34
Let h(x) = 4*x - 22. Determine h(9).
14
Let v(z) = -4*z + 1. What is v(-1)?
5
Let i(k) = -4*k - 45. Give i(-6).
-21
Let w(n) = -2*n**2 - 11*n + 22. Calculate w(-9).
-41
Let p(m) = m**2 - 13*m - 7. What is p(14)?
7
Let g(v) = 15*v + 47. Calculate g(-6).
-43
Let t(x) = -4*x + 107. Calculate t(25).
7
Let z(o) = -43*o + 464. What is z(10)?
34
Let p(t) = -t**3 + 7*t**2 + 62. Calculate p(8).
-2
Let w(n) = 7*n**3 + n. Give w(-1).
-8
Let i(w) = -17*w + 19. Determine i(0).
19
Let j(b) = -2*b**2 - 7*b - 3. Calculate j(3).
-42
Let b(c) = c**3 - 37*c**2 + 71*c - 50. Give b(35).
-15
Let j(c) = -c**2 - 8*c + 5. Determine j(3).
-28
Let y(g) = g**3 + 11*g**2 + 17*g - 12. Give y(-10).
-82
Let l(x) = x - 1. Give l(-6).
-7
Let t(d) = -90*d + 4. Calculate t(1).
-86
Let b(x) = -2*x**2 - 38*x - 63. What is b(-17)?
5
Let i(k) = 2*k**2 + 2*k - 1. Give i(-2).
3
Let j(f) = f**3 + 18*f**2 + 35*f + 34. Calculate j(-16).
-14
Let n(p) = -8*p - 27. Calculate n(-3).
-3
Let a(h) = -2*h**2 - 11*h - 5. Determine a(-4).
7
Let b(x) = -4*x**2 - x. Calculate b(-1).
-3
Let z(j) = 3*j**2 + 48*j + 44. What is z(-16)?
44
Let l(r) = -4*r + 56. What is l(9)?
20
Let k(r) = -3*r**3 - 5*r**2 - 3*r + 4. What is k(-3)?
49
Let v(d) = d**2 + 13*d - 14. Determine v(-13).
-14
Let p(h) = -h**3 - 6*h**2 + 14*h - 4. Calculate p(-8).
12
Let q(f) = -f**3 - 4*f**2 - 3*f - 5. Determine q(-4).
7
Let p(n) = 4*n - 17. Determine p(8).
15
Let l(a) = -a - 2. Determine l(4).
-6
Let z(o) = -o**3 + 25*o**2 - 87*o + 60. Determine z(21).
-3
Let i(s) = -s**3 - 7*s**2 + 8*s - 5. Give i(-8).
-5
Let j(d) = -2*d + 50. What is j(29)?
-8
Let n(m) = -m**3 + 15*m**2 - 2